{"id":5253,"date":"2026-02-14T10:35:18","date_gmt":"2026-02-14T09:35:18","guid":{"rendered":"https:\/\/ffroller-skateboard.fr\/guyane\/?page_id=5253"},"modified":"2026-02-17T12:20:58","modified_gmt":"2026-02-17T11:20:58","slug":"5253-2","status":"publish","type":"page","link":"https:\/\/ffroller-skateboard.fr\/guyane\/5253-2\/","title":{"rendered":"3X COMPETITION \/ ROLLER-SKATE-TROTT"},"content":{"rendered":"\t\t<div data-elementor-type=\"wp-page\" data-elementor-id=\"5253\" class=\"elementor elementor-5253\" data-elementor-post-type=\"page\">\n\t\t\t\t<div class=\"elementor-element elementor-element-430094a e-con-full e-flex e-con e-parent\" data-id=\"430094a\" data-element_type=\"container\" data-e-type=\"container\" data-settings=\"{&quot;background_background&quot;:&quot;classic&quot;}\">\n\t\t\t\t<div class=\"elementor-element elementor-element-c5982dc elementor-widget elementor-widget-heading\" data-id=\"c5982dc\" data-element_type=\"widget\" data-e-type=\"widget\" data-widget_type=\"heading.default\">\n\t\t\t\t<div class=\"elementor-widget-container\">\n\t\t\t\t\t<h2 class=\"elementor-heading-title elementor-size-default\">3X COMPETITION \/ ROLLER-SKATE-TROTt<\/h2>\t\t\t\t<\/div>\n\t\t\t\t<\/div>\n\t\t<div class=\"elementor-element elementor-element-dab6eaf e-flex e-con-boxed e-con e-child\" data-id=\"dab6eaf\" data-element_type=\"container\" data-e-type=\"container\">\n\t\t\t\t\t<div class=\"e-con-inner\">\n\t\t\t\t<div class=\"elementor-element elementor-element-d6edaf0 elementor-widget elementor-widget-text-editor\" data-id=\"d6edaf0\" data-element_type=\"widget\" data-e-type=\"widget\" data-widget_type=\"text-editor.default\">\n\t\t\t\t<div class=\"elementor-widget-container\">\n\t\t\t\t\t\t\t\t\t<p>La 3X COMPETITION organis\u00e9e par les associations MIRZA ROLLER CLUB et BLUNT SKATEBOARD est un \u00e9v\u00e8nement qui se d\u00e9roule sur 3 mercredis apr\u00e8s-midi (dates : 25\/02\/26, 29\/04\/26 et 24\/06\/26) et propose aux enfants (du club, de nos accueils collectifs de mineurs, de nos actions sociales et tous les autres) de s&rsquo;affronter dans des \u00e9preuves accessibles \u00e0 tous, dans nos trois sports (Roller, Skateboard et Trottinette).\u00a0<\/p>\t\t\t\t\t\t\t\t<\/div>\n\t\t\t\t<\/div>\n\t\t\t\t\t<\/div>\n\t\t\t\t<\/div>\n\t\t\t\t<\/div>\n\t\t<div class=\"elementor-element elementor-element-1d0403d e-flex e-con-boxed e-con e-parent\" data-id=\"1d0403d\" data-element_type=\"container\" data-e-type=\"container\">\n\t\t\t\t\t<div class=\"e-con-inner\">\n\t\t\t\t<div class=\"elementor-element elementor-element-be7faf1 elementor-widget elementor-widget-spacer\" data-id=\"be7faf1\" data-element_type=\"widget\" data-e-type=\"widget\" data-widget_type=\"spacer.default\">\n\t\t\t\t<div class=\"elementor-widget-container\">\n\t\t\t\t\t\t\t<div class=\"elementor-spacer\">\n\t\t\t<div class=\"elementor-spacer-inner\"><\/div>\n\t\t<\/div>\n\t\t\t\t\t\t<\/div>\n\t\t\t\t<\/div>\n\t\t\t\t\t<\/div>\n\t\t\t\t<\/div>\n\t\t<div class=\"elementor-element elementor-element-3d27cf1a e-con-full e-flex e-con e-parent\" data-id=\"3d27cf1a\" data-element_type=\"container\" data-e-type=\"container\" data-settings=\"{&quot;background_background&quot;:&quot;classic&quot;}\">\n\t\t<div class=\"elementor-element elementor-element-6f691de2 e-con-full e-flex e-con e-child\" data-id=\"6f691de2\" data-element_type=\"container\" data-e-type=\"container\">\n\t\t\t\t<\/div>\n\t\t<div class=\"elementor-element elementor-element-a0a6d83 e-con-full e-flex e-con e-child\" data-id=\"a0a6d83\" data-element_type=\"container\" data-e-type=\"container\" data-settings=\"{&quot;background_background&quot;:&quot;classic&quot;}\">\n\t\t\t\t<\/div>\n\t\t<div class=\"elementor-element elementor-element-2d82498c e-con-full e-flex e-con e-child\" data-id=\"2d82498c\" data-element_type=\"container\" data-e-type=\"container\">\n\t\t<div class=\"elementor-element elementor-element-22019e2b e-con-full e-flex e-con e-child\" data-id=\"22019e2b\" data-element_type=\"container\" data-e-type=\"container\">\n\t\t\t\t<div class=\"elementor-element elementor-element-232c3d37 elementor-widget elementor-widget-text-editor\" data-id=\"232c3d37\" data-element_type=\"widget\" data-e-type=\"widget\" data-widget_type=\"text-editor.default\">\n\t\t\t\t<div class=\"elementor-widget-container\">\n\t\t\t\t\t\t\t\t\t<p style=\"text-align: center\"><b>La 3X COMPETITION \/ ROLLER-SKATE-TROTT<\/b> aura lieu au <b>Skatepark de Mirza \u00e0 Cayenne de 14h \u00e0 19h <\/b>aux dates suivantes :<\/p><ul><li style=\"text-align: left\">Mercredi 25 f\u00e9vrier 2026<\/li><li style=\"text-align: left\">Mercredi 29 avril 2026<\/li><li style=\"text-align: left\">Mercredi 24 juin 2026<\/li><\/ul><div>\u00a0<\/div><p style=\"text-align: left\">Ce nouvel \u00e9v\u00e8nement a pour objectif de permettre aux aux enfants des clubs, de nos accueils collectifs de mineurs, de nos actions sociales et tous les autres enfants pratiquant de s&rsquo;affronter dans des \u00e9preuves accessibles \u00e0 tous, dans nos trois sports (Roller, Skateboard et Trottinette).<\/p><p style=\"text-align: left\">Les inscriptions sont <b>gratuites<\/b>.<\/p><p style=\"text-align: center\"><span style=\"text-decoration: underline\"><strong>A NOTER :<\/strong><\/span><\/p><ul style=\"text-align: left\"><li><strong>l&rsquo;inscription \u00e0 chaque journ\u00e9e est ind\u00e9pendante<\/strong>. Vous pouvez vous inscrire au nombre de journ\u00e9es que vous voulez.<\/li><li><strong>la participation \u00e0 toutes les \u00e9preuves n&rsquo;est pas obligatoire<\/strong>. Vous pouvez vous inscrire aux \u00e9preuves que vous souhaitez (le choix se fait au niveau des renseignements \u00e0 fournir dans l&rsquo;adh\u00e9sion en ligne).<\/li><\/ul><div style=\"text-align: left\">\u00a0<\/div><div><p style=\"text-align: center\"><strong><u>Conditions d&rsquo;inscription<\/u> :<\/strong><\/p><ul style=\"text-align: left\"><li>\u00eatre \u00e2g\u00e9 de 4 \u00e0 17 ans<\/li><li>avoir une licence f\u00e9d\u00e9rale ou une assurance extrascolaire<\/li><li>savoir d\u00e9j\u00e0 faire du roller, du skateboard ou de la trottinette<\/li><\/ul><div style=\"text-align: left\">\u00a0<\/div><div><p style=\"text-align: center\"><span style=\"text-decoration: underline\"><b>Organisation des journ\u00e9es :<\/b><\/span><\/p><ul style=\"text-align: left\"><li><strong>14h :<\/strong> Accueil des participants &#8211; V\u00e9rification des inscriptions &#8211; Remise des dossards &#8211; V\u00e9rification du mat\u00e9riel &#8211; Remise du mat\u00e9riel de location &#8211; \u00c9chauffement<\/li><li><strong>15h :<\/strong> \u00c9PREUVE DE COURSE DE VITESSE (COURSE SANS OBSTACLE)<\/li><li><strong>16h :<\/strong> \u00c9PREUVE DE SKATECROSS (COURSE AVEC OBSTACLES)<\/li><li><strong>17h :<\/strong> BEST TRICK (FAIRE LA MEILLEURE FIGURE SUR LE SKATEPARK)<\/li><li><strong>18h :<\/strong> PODIUM et REMISE DES LOTS<\/li><li><strong>19h :<\/strong> FIN DE LA MANIFESTATION<\/li><\/ul><div style=\"text-align: left\">\u00a0<\/div><p style=\"text-align: left\">Plus d&rsquo;infos au <b>06 94 24 69 21<\/b><\/p><\/div><\/div>\t\t\t\t\t\t\t\t<\/div>\n\t\t\t\t<\/div>\n\t\t\t\t<\/div>\n\t\t<div class=\"elementor-element elementor-element-488b300a e-flex e-con-boxed e-con e-child\" data-id=\"488b300a\" data-element_type=\"container\" data-e-type=\"container\">\n\t\t\t\t\t<div class=\"e-con-inner\">\n\t\t\t\t<div class=\"elementor-element elementor-element-3c43e3d1 elementor-tablet-align-center elementor-mobile-align-justify elementor-widget-tablet__width-initial elementor-widget-mobile__width-inherit elementor-align-left elementor-widget elementor-widget-button\" data-id=\"3c43e3d1\" data-element_type=\"widget\" data-e-type=\"widget\" data-widget_type=\"button.default\">\n\t\t\t\t<div class=\"elementor-widget-container\">\n\t\t\t\t\t\t\t\t\t<div class=\"elementor-button-wrapper\">\n\t\t\t\t\t<a class=\"elementor-button elementor-button-link elementor-size-sm\" href=\"https:\/\/www.helloasso.com\/associations\/mirza-roller-club\/adhesions\/3x-competition-roller-skate-trott\">\n\t\t\t\t\t\t<span class=\"elementor-button-content-wrapper\">\n\t\t\t\t\t\t\t\t\t<span class=\"elementor-button-text\">Adh\u00e9sion gratuite<\/span>\n\t\t\t\t\t<\/span>\n\t\t\t\t\t<\/a>\n\t\t\t\t<\/div>\n\t\t\t\t\t\t\t\t<\/div>\n\t\t\t\t<\/div>\n\t\t\t\t<div class=\"elementor-element elementor-element-264ed5f6 elementor-tablet-align-center elementor-mobile-align-justify elementor-widget-tablet__width-initial elementor-widget-mobile__width-inherit elementor-align-left elementor-widget elementor-widget-button\" data-id=\"264ed5f6\" data-element_type=\"widget\" data-e-type=\"widget\" data-widget_type=\"button.default\">\n\t\t\t\t<div class=\"elementor-widget-container\">\n\t\t\t\t\t\t\t\t\t<div class=\"elementor-button-wrapper\">\n\t\t\t\t\t<a class=\"elementor-button elementor-button-link elementor-size-sm\" href=\"https:\/\/ffroller-skateboard.fr\/\">\n\t\t\t\t\t\t<span class=\"elementor-button-content-wrapper\">\n\t\t\t\t\t\t\t\t\t<span class=\"elementor-button-text\">Infos sur les disciplines<\/span>\n\t\t\t\t\t<\/span>\n\t\t\t\t\t<\/a>\n\t\t\t\t<\/div>\n\t\t\t\t\t\t\t\t<\/div>\n\t\t\t\t<\/div>\n\t\t\t\t\t<\/div>\n\t\t\t\t<\/div>\n\t\t\t\t<\/div>\n\t\t\t\t<\/div>\n\t\t<div class=\"elementor-element elementor-element-988adfe e-flex e-con-boxed e-con e-parent\" data-id=\"988adfe\" data-element_type=\"container\" data-e-type=\"container\">\n\t\t\t\t\t<div class=\"e-con-inner\">\n\t\t\t\t<div class=\"elementor-element elementor-element-40e5041 elementor-widget elementor-widget-spacer\" data-id=\"40e5041\" data-element_type=\"widget\" data-e-type=\"widget\" data-widget_type=\"spacer.default\">\n\t\t\t\t<div class=\"elementor-widget-container\">\n\t\t\t\t\t\t\t<div class=\"elementor-spacer\">\n\t\t\t<div class=\"elementor-spacer-inner\"><\/div>\n\t\t<\/div>\n\t\t\t\t\t\t<\/div>\n\t\t\t\t<\/div>\n\t\t\t\t\t<\/div>\n\t\t\t\t<\/div>\n\t\t\t\t<\/div>\n\t\t","protected":false},"excerpt":{"rendered":"<p>3X COMPETITION \/ ROLLER-SKATE-TROTt La 3X COMPETITION organis\u00e9e par les associations MIRZA ROLLER CLUB et BLUNT SKATEBOARD est un \u00e9v\u00e8nement qui se d\u00e9roule sur 3 mercredis apr\u00e8s-midi (dates : 25\/02\/26, 29\/04\/26 et 24\/06\/26) et propose aux enfants (du club, de nos accueils collectifs de mineurs, de nos actions sociales et tous les autres) de s&rsquo;affronter [&hellip;]<\/p>\n","protected":false},"author":82,"featured_media":0,"parent":0,"menu_order":0,"comment_status":"closed","ping_status":"closed","template":"","meta":{"_acf_changed":false,"footnotes":""},"class_list":["post-5253","page","type-page","status-publish","hentry"],"acf":[],"yoast_head":"<!-- This site is optimized with the Yoast SEO plugin v27.2 - https:\/\/yoast.com\/product\/yoast-seo-wordpress\/ -->\n<title>3X COMPETITION \/ ROLLER-SKATE-TROTT - Ligue Roller et Skateboard Guyane<\/title>\n<meta name=\"description\" content=\"3X COMPETITION \/ ROLLER-SKATE-TROTT - Ligue Roller et Skateboard Guyane - Comp\u00e9tition de roller, skateboard et trottinette pour les enfants de 4 \u00e0 17 ans \u00e0 Cayenne.\" \/>\n<meta name=\"robots\" content=\"index, follow, max-snippet:-1, max-image-preview:large, max-video-preview:-1\" \/>\n<link rel=\"canonical\" href=\"https:\/\/ffroller-skateboard.fr\/guyane\/5253-2\/\" \/>\n<meta property=\"og:locale\" content=\"fr_FR\" \/>\n<meta property=\"og:type\" content=\"article\" \/>\n<meta property=\"og:title\" content=\"3X COMPETITION \/ ROLLER-SKATE-TROTT - Ligue Roller et Skateboard Guyane\" \/>\n<meta property=\"og:description\" content=\"3X COMPETITION \/ ROLLER-SKATE-TROTT - Ligue Roller et Skateboard Guyane - Comp\u00e9tition de roller, skateboard et trottinette pour les enfants de 4 \u00e0 17 ans \u00e0 Cayenne.\" \/>\n<meta property=\"og:url\" content=\"https:\/\/ffroller-skateboard.fr\/guyane\/5253-2\/\" \/>\n<meta property=\"og:site_name\" content=\"Ligue Roller et Skateboard Guyane\" \/>\n<meta property=\"article:publisher\" content=\"http:\/\/www.facebook.com\/pages\/GLISSE-URBAINE-973\/207079225982626\" \/>\n<meta property=\"article:modified_time\" content=\"2026-02-17T11:20:58+00:00\" \/>\n<meta name=\"twitter:card\" content=\"summary_large_image\" \/>\n<meta name=\"twitter:site\" content=\"@Rollersports973\" \/>\n<meta name=\"twitter:label1\" content=\"Dur\u00e9e de lecture estim\u00e9e\" \/>\n\t<meta name=\"twitter:data1\" content=\"2 minutes\" \/>\n<script type=\"application\/ld+json\" class=\"yoast-schema-graph\">{\"@context\":\"https:\/\/schema.org\",\"@graph\":[{\"@type\":\"WebPage\",\"@id\":\"https:\/\/ffroller-skateboard.fr\/guyane\/5253-2\/\",\"url\":\"https:\/\/ffroller-skateboard.fr\/guyane\/5253-2\/\",\"name\":\"3X COMPETITION \/ ROLLER-SKATE-TROTT - Ligue Roller et Skateboard Guyane\",\"isPartOf\":{\"@id\":\"https:\/\/ffroller-skateboard.fr\/guyane\/#website\"},\"datePublished\":\"2026-02-14T09:35:18+00:00\",\"dateModified\":\"2026-02-17T11:20:58+00:00\",\"description\":\"3X COMPETITION \/ ROLLER-SKATE-TROTT - Ligue Roller et Skateboard Guyane - Comp\u00e9tition de roller, skateboard et trottinette pour les enfants de 4 \u00e0 17 ans \u00e0 Cayenne.\",\"breadcrumb\":{\"@id\":\"https:\/\/ffroller-skateboard.fr\/guyane\/5253-2\/#breadcrumb\"},\"inLanguage\":\"fr-FR\",\"potentialAction\":[{\"@type\":\"ReadAction\",\"target\":[\"https:\/\/ffroller-skateboard.fr\/guyane\/5253-2\/\"]}]},{\"@type\":\"BreadcrumbList\",\"@id\":\"https:\/\/ffroller-skateboard.fr\/guyane\/5253-2\/#breadcrumb\",\"itemListElement\":[{\"@type\":\"ListItem\",\"position\":1,\"name\":\"Accueil\",\"item\":\"https:\/\/ffroller-skateboard.fr\/guyane\/\"},{\"@type\":\"ListItem\",\"position\":2,\"name\":\"3X COMPETITION \/ ROLLER-SKATE-TROTT\"}]},{\"@type\":\"WebSite\",\"@id\":\"https:\/\/ffroller-skateboard.fr\/guyane\/#website\",\"url\":\"https:\/\/ffroller-skateboard.fr\/guyane\/\",\"name\":\"Ligue Roller et Skateboard Guyane\",\"description\":\"Un site utilisant Les sites de F\u00e9d\u00e9ration Fran\u00e7aise de Roller &amp; Skateboard\",\"publisher\":{\"@id\":\"https:\/\/ffroller-skateboard.fr\/guyane\/#organization\"},\"potentialAction\":[{\"@type\":\"SearchAction\",\"target\":{\"@type\":\"EntryPoint\",\"urlTemplate\":\"https:\/\/ffroller-skateboard.fr\/guyane\/?s={search_term_string}\"},\"query-input\":{\"@type\":\"PropertyValueSpecification\",\"valueRequired\":true,\"valueName\":\"search_term_string\"}}],\"inLanguage\":\"fr-FR\"},{\"@type\":\"Organization\",\"@id\":\"https:\/\/ffroller-skateboard.fr\/guyane\/#organization\",\"name\":\"Ligue Roller et Skateboard Guyane\",\"url\":\"https:\/\/ffroller-skateboard.fr\/guyane\/\",\"logo\":{\"@type\":\"ImageObject\",\"inLanguage\":\"fr-FR\",\"@id\":\"https:\/\/ffroller-skateboard.fr\/guyane\/#\/schema\/logo\/image\/\",\"url\":\"https:\/\/ffroller-skateboard.fr\/guyane\/wp-content\/uploads\/sites\/2\/2022\/09\/cropped-cropped-FFRoller_logo_Departement_Horizontal_Guyane_v2.png\",\"contentUrl\":\"https:\/\/ffroller-skateboard.fr\/guyane\/wp-content\/uploads\/sites\/2\/2022\/09\/cropped-cropped-FFRoller_logo_Departement_Horizontal_Guyane_v2.png\",\"width\":409,\"height\":148,\"caption\":\"Ligue Roller et Skateboard Guyane\"},\"image\":{\"@id\":\"https:\/\/ffroller-skateboard.fr\/guyane\/#\/schema\/logo\/image\/\"},\"sameAs\":[\"http:\/\/www.facebook.com\/pages\/GLISSE-URBAINE-973\/207079225982626\",\"https:\/\/x.com\/Rollersports973\",\"https:\/\/www.youtube.com\/channel\/UCGp6CUElp1RGqIB4LS13DcQ\",\"https:\/\/www.instagram.com\/glisse_urbaine_973\/?fbclid=IwAR27SZISk8Q9ePT-gAC4s6aephMzEkj3mmd4iywW2x1Obudl1YwnZOL0Xjk\"]}]}<\/script>\n<!-- \/ Yoast SEO plugin. -->","yoast_head_json":{"title":"3X COMPETITION \/ ROLLER-SKATE-TROTT - Ligue Roller et Skateboard Guyane","description":"3X COMPETITION \/ ROLLER-SKATE-TROTT - Ligue Roller et Skateboard Guyane - Comp\u00e9tition de roller, skateboard et trottinette pour les enfants de 4 \u00e0 17 ans \u00e0 Cayenne.","robots":{"index":"index","follow":"follow","max-snippet":"max-snippet:-1","max-image-preview":"max-image-preview:large","max-video-preview":"max-video-preview:-1"},"canonical":"https:\/\/ffroller-skateboard.fr\/guyane\/5253-2\/","og_locale":"fr_FR","og_type":"article","og_title":"3X COMPETITION \/ ROLLER-SKATE-TROTT - Ligue Roller et Skateboard Guyane","og_description":"3X COMPETITION \/ ROLLER-SKATE-TROTT - Ligue Roller et Skateboard Guyane - Comp\u00e9tition de roller, skateboard et trottinette pour les enfants de 4 \u00e0 17 ans \u00e0 Cayenne.","og_url":"https:\/\/ffroller-skateboard.fr\/guyane\/5253-2\/","og_site_name":"Ligue Roller et Skateboard Guyane","article_publisher":"http:\/\/www.facebook.com\/pages\/GLISSE-URBAINE-973\/207079225982626","article_modified_time":"2026-02-17T11:20:58+00:00","twitter_card":"summary_large_image","twitter_site":"@Rollersports973","twitter_misc":{"Dur\u00e9e de lecture estim\u00e9e":"2 minutes"},"schema":{"@context":"https:\/\/schema.org","@graph":[{"@type":"WebPage","@id":"https:\/\/ffroller-skateboard.fr\/guyane\/5253-2\/","url":"https:\/\/ffroller-skateboard.fr\/guyane\/5253-2\/","name":"3X COMPETITION \/ ROLLER-SKATE-TROTT - Ligue Roller et Skateboard Guyane","isPartOf":{"@id":"https:\/\/ffroller-skateboard.fr\/guyane\/#website"},"datePublished":"2026-02-14T09:35:18+00:00","dateModified":"2026-02-17T11:20:58+00:00","description":"3X COMPETITION \/ ROLLER-SKATE-TROTT - Ligue Roller et Skateboard Guyane - Comp\u00e9tition de roller, skateboard et trottinette pour les enfants de 4 \u00e0 17 ans \u00e0 Cayenne.","breadcrumb":{"@id":"https:\/\/ffroller-skateboard.fr\/guyane\/5253-2\/#breadcrumb"},"inLanguage":"fr-FR","potentialAction":[{"@type":"ReadAction","target":["https:\/\/ffroller-skateboard.fr\/guyane\/5253-2\/"]}]},{"@type":"BreadcrumbList","@id":"https:\/\/ffroller-skateboard.fr\/guyane\/5253-2\/#breadcrumb","itemListElement":[{"@type":"ListItem","position":1,"name":"Accueil","item":"https:\/\/ffroller-skateboard.fr\/guyane\/"},{"@type":"ListItem","position":2,"name":"3X COMPETITION \/ ROLLER-SKATE-TROTT"}]},{"@type":"WebSite","@id":"https:\/\/ffroller-skateboard.fr\/guyane\/#website","url":"https:\/\/ffroller-skateboard.fr\/guyane\/","name":"Ligue Roller et Skateboard Guyane","description":"Un site utilisant Les sites de F\u00e9d\u00e9ration Fran\u00e7aise de Roller &amp; Skateboard","publisher":{"@id":"https:\/\/ffroller-skateboard.fr\/guyane\/#organization"},"potentialAction":[{"@type":"SearchAction","target":{"@type":"EntryPoint","urlTemplate":"https:\/\/ffroller-skateboard.fr\/guyane\/?s={search_term_string}"},"query-input":{"@type":"PropertyValueSpecification","valueRequired":true,"valueName":"search_term_string"}}],"inLanguage":"fr-FR"},{"@type":"Organization","@id":"https:\/\/ffroller-skateboard.fr\/guyane\/#organization","name":"Ligue Roller et Skateboard Guyane","url":"https:\/\/ffroller-skateboard.fr\/guyane\/","logo":{"@type":"ImageObject","inLanguage":"fr-FR","@id":"https:\/\/ffroller-skateboard.fr\/guyane\/#\/schema\/logo\/image\/","url":"https:\/\/ffroller-skateboard.fr\/guyane\/wp-content\/uploads\/sites\/2\/2022\/09\/cropped-cropped-FFRoller_logo_Departement_Horizontal_Guyane_v2.png","contentUrl":"https:\/\/ffroller-skateboard.fr\/guyane\/wp-content\/uploads\/sites\/2\/2022\/09\/cropped-cropped-FFRoller_logo_Departement_Horizontal_Guyane_v2.png","width":409,"height":148,"caption":"Ligue Roller et Skateboard Guyane"},"image":{"@id":"https:\/\/ffroller-skateboard.fr\/guyane\/#\/schema\/logo\/image\/"},"sameAs":["http:\/\/www.facebook.com\/pages\/GLISSE-URBAINE-973\/207079225982626","https:\/\/x.com\/Rollersports973","https:\/\/www.youtube.com\/channel\/UCGp6CUElp1RGqIB4LS13DcQ","https:\/\/www.instagram.com\/glisse_urbaine_973\/?fbclid=IwAR27SZISk8Q9ePT-gAC4s6aephMzEkj3mmd4iywW2x1Obudl1YwnZOL0Xjk"]}]}},"_links":{"self":[{"href":"https:\/\/ffroller-skateboard.fr\/guyane\/wp-json\/wp\/v2\/pages\/5253","targetHints":{"allow":["GET"]}}],"collection":[{"href":"https:\/\/ffroller-skateboard.fr\/guyane\/wp-json\/wp\/v2\/pages"}],"about":[{"href":"https:\/\/ffroller-skateboard.fr\/guyane\/wp-json\/wp\/v2\/types\/page"}],"author":[{"embeddable":true,"href":"https:\/\/ffroller-skateboard.fr\/guyane\/wp-json\/wp\/v2\/users\/82"}],"replies":[{"embeddable":true,"href":"https:\/\/ffroller-skateboard.fr\/guyane\/wp-json\/wp\/v2\/comments?post=5253"}],"version-history":[{"count":3,"href":"https:\/\/ffroller-skateboard.fr\/guyane\/wp-json\/wp\/v2\/pages\/5253\/revisions"}],"predecessor-version":[{"id":5336,"href":"https:\/\/ffroller-skateboard.fr\/guyane\/wp-json\/wp\/v2\/pages\/5253\/revisions\/5336"}],"wp:attachment":[{"href":"https:\/\/ffroller-skateboard.fr\/guyane\/wp-json\/wp\/v2\/media?parent=5253"}],"curies":[{"name":"wp","href":"https:\/\/api.w.org\/{rel}","templated":true}]}}